707602 (base 9) in base 13?
239a743
461151 (base 7) to base 13
2b476
Convert 637a66 (base 13) to base 16.
238fe2
What is 625404 (base 9) in base 4?
1122222331
What is 3110666 (base 9) in base 2?
110010101011000111111
What is -11ba10 (base 13) in base 5?
-102110344
Convert -585172 (base 9) to base 8.
-1256444
Convert -354325 (base 6) to base 16.
-784d
2e6742 (base 15) to base 4
20211022223
What is -103410500 (base 6) in base 7?
-21512616
Convert 310453435 (base 6) to base 3.
101002011200012
-3340020343 (base 5) to base 8
-34011712
What is 123783 (base 10) in base 6?
2353023
10000000101011110011 (base 2) to base 5
113331331
What is 1011001001100 (base 2) in base 13?
27a1
Convert 3263a28 (base 11) to base 5.
2431323424
What is 11332023233 (base 4) in base 14?
2ca6bd
What is -10076504 (base 8) in base 15?
-2c0d30
Convert 221ed (base 16) to base 9.
232635
What is 85765b (base 12) in base 5?
1014413432
-1012210201100 (base 3) to base 11
-401129
19ba982 (base 12) to base 10
5472242
Convert -10000101010111110010 (base 2) to base 12.
-224182
40051c (base 15) to base 12
1026590
Convert -c30636 (base 13) to base 3.
-22112202210210
12121113213 (base 4) to base 8
6312747
What is 6a005 (base 13) in base 11?
122295
-5c8360 (base 13) to base 5
-1031423413
What is 2a125 (base 14) in base 8?
314065
1840300 (base 11) to base 16
2f9730
What is -10220111022 (base 3) in base 10?
-76904
-631179 (base 11) to base 3
-1220101212212
Convert -200301132 (base 4) to base 11.
-91945
97942 (base 11) to base 2
100010101110001101
What is -1000001001011000111110 (base 2) in base 15?
-2c2b94
176ac (base 13) to base 15
d566
Convert -2522314 (base 7) to base 6.
-10544311
1bd67f (base 16) to base 8
6753177
51d78 (base 14) to base 6
4122130
Convert 21b02a (base 16) to base 10.
2207786
What is 8895a (base 12) in base 16?
2c356
-1223444 (base 7) to base 9
-258722
What is 18d0b5 (base 16) in base 14?
30495b
-38325 (base 13) to base 4
-121111311
20626321 (base 7) to base 4
12230131012
Convert -4412153 (base 6) to base 16.
-35985
Convert 21201201022 (base 3) to base 14.
3d641
Convert 1031332203 (base 4) to base 14.
8457d
Convert 32241622 (base 7) to base 11.
1608a67
Convert 3585037 (base 11) to base 12.
2111355
-115444336 (base 7) to base 2
-11011101011001110110111
Convert 11101100101101010 (base 2) to base 10.
121194
1211013 (base 4) to base 15
1db6
What is -4068868 (base 11) in base 16?
-6da574
-1101000001110110100000 (base 2) to base 8
-15016640
-22a62 (base 14) to base 15
-19ee6
What is 22183436 (base 9) in base 14?
15d90a1
Convert -69532 (base 14) to base 13.
-8c80c
What is 30334140 (base 5) in base 13?
88082
Convert -87220 (base 11) to base 16.
-1eef5
Convert -44556 (base 10) to base 16.
-ae0c
Convert -13003110002 (base 4) to base 5.
-433123303
What is 143871 (base 9) in base 2?
10101100010000000
Convert -1111023003 (base 4) to base 7.
-2652051
What is 8b245 (base 16) in base 3?
1001221210100
What is 29aa2 (base 15) in base 16?
20b8b
What is -10244036 (base 7) in base 16?
-d3f40
-175542 (base 8) to base 5
-4024404
Convert -30300111311 (base 4) to base 10.
-3343733
10010021220012 (base 3) to base 5
411043003
What is 1113425 (base 6) in base 8?
156331
What is -170ec (base 16) in base 7?
-542230
What is 1576a (base 16) in base 14?
24078
2101121011 (base 3) to base 7
254203
What is 50597 (base 13) in base 2?
100011000110011110
What is -3752335 (base 8) in base 5?
-231200113
Convert -305202 (base 6) to base 2.
-101111110100010
-1468220 (base 12) to base 13
-b132b8
What is d0a3d (base 15) in base 16?
a13d1
Convert 122112440 (base 5) to base 13.
175031
Convert -b9622 (base 13) to base 10.
-334986
Convert 390a38 (base 12) to base 7.
10641536
What is 6771d (base 14) in base 6?
5214303
-111110011000100011 (base 2) to base 15
-50a9d
Convert 32021237 (base 8) to base 13.
154c43a
Convert 1135667 (base 9) to base 11.
38a644
Convert 1716426 (base 8) to base 5.
111431331
Convert 5c679 (base 16) to base 11.
239401
What is 5425140 (base 9) in base 11?
17085a4
What is 131974 (base 15) in base 16?
dfd17
-4925 (base 11) to base 5
-201230
What is 34323403 (base 5) in base 11?
1a0430
Convert 1042440240 (base 5) to base 8.
10643411
What is -348056 (base 15) in base 9?
-4641830
Convert 1352276 (base 8) to base 7.
3151055
Convert 202010 (base 3) to base 16.
21f
Convert -4412606 (base 7) to base 3.
-1000111101212
What is -157b (base 12) in base 6?
-15435
-2255775 (base 9) to base 7
-13232132
72997 (base 15) to base 3
200110100021
Convert -866368 (base 10) to base 14.
-187a36
2273725 (base 9) to base 11
76a975
Convert -249e8 (base 16) to base 5.
-14244432
-112daeb (base 15) to base 13
-27175ac
Convert -4258795 (base 11) to base 2.
-11100100101011000011110
What is -104123561 (base 8) in base 7?
-304611132
Convert 143311414 (base 5) to base 8.
2714652
What is -114035232 (base 6) in base 13?
-5a4229
Convert -14bb9 (base 15) to base 3.
-10101121010
What is -1843a5 (base 12) in base 6?
-13014325
What is -124302 (base 7) in base 12?
-11476
110011010100011110 (base 2) to base 16
3351e
-3b8019 (base 16) to base 14
-7370db
What is 1142301 (base 5) in base 11?
15235
358461 (base 12) to base 3
1121221002001
What is 2336024 (base 9) in base 14?
24c976
What is -319308 (base 13) in base 2?
-100011011110111101000
Convert 67890 (base 15) to base 12.
13a6a6
3263435 (base 7) to base 5
100332333
Convert -355976 (base 10) to base 16.
-56e88
Convert -1022110101122 (base 3) to base 2.
-10101010011001010100
What is -55505 (base 8) in base 16?
-5b45
What is -153d17 (base 14) in base 12?
-2b8795
Convert 221435 (base 7) to base 11.
27318
b015cb (base 14) to base 9
12122601
What is 27021 (base 14) in base 9?
155703
-11000111110010010111 (base 2) to base 15
-112702
2333263 (base 7) to base 3
112221102101
Convert -6830 (base 12) to base 14.
-42d6
1a74a (base 15) to base 10
86020
-b9ab7 (base 12) to base 6
-5131151
What is 92258a (base 11) in base 5?
334411411
Convert 12042344 (base 5) to base 15.
233b9
Convert -12222010012110 (base 3) to base 16.
-3063e1
What is 35574 (base 10) in base 6?
432410
2032000003 (base 4) to base 8
2160003
Convert -1ab1790 (base 12) to base 10.
-5705244
-33530204 (base 8) to base 9
-14575734
Convert -122310 (base 10) to base 13.
-43896
Convert 302621 (base 7) to base 6.
1034012
Convert 113200112 (base 4) to base 9.
156055
31461704 (base 8) to base 6
355453444
Convert 156b4c (base 14) to base 4.
2312300300
-11100001201200 (base 3) to base 14
-43d9d9
What is 20240134 (base 5) in base 12?
7b618
What is -211265 (base 10) in base 8?
-634501
-82444 (base 13) to base 2
-111001000010001110
-1024324341 (base 5) to base 16
-214fb8
-121202222002221 (base 3) to base 13
-1b021bb
What is 10404443 (base 6) in base 8?
1141413
Convert -11625 (base 14) to base 3.
-2011010020
10212200210 (base 3) to base 11
52385
What is -3258e (base 16) in base 15?
-41182
What is -111212220330 (base 4) in base 16?
-566a3c
3100563 (base 7) to base 6
11533100
What is 12213 (base 6) in base 4?
130101
-110020011100 (base 3) to base 4
-322300233
What is -302068 (base 9) in base 14?
-4917d
1906a98 (base 14) to base 12
419533a
4574107 (base 8) to base 7
13365340
What is -36665 (base 8) in base 16?
-3db5
2233113313 (base 4) to base 15
e2c87
What is 8007622 (base 9) in base 7?
51120323
Convert -2010112200 (base 3) to base 8.
-121735
-232806 (base 13) to base 16
-cb9e5
-97236a (base 13) to base 10
-3546553
What is 1d427 (base 15) in base 9?
154821
Convert 5c195 (base 14) to base 2.
110111000000110111
What is -112120222010 (base 3) in base 10?
-287202
Convert 27215 (base 14) to base 4.
113203003
Convert 5363455 (base 12) to base 16.
f130c1
12012020200 (base 3) to base 13
376c8
Convert 53255633 (base 7) to base 5.
2124041224
What is -1010111100001011110 (base 2) in base 8?
-1274136
Convert 2669ce (base 16) to base 15.
34ada4
2312624 (base 9) to base 2
100110000110100101100
What is -11011001011110101 (base 2) in base 16?
-1b2f5
-40341420 (base 5) to base 6
-10542454
Convert -995a45 (base 13) to base 9.
-6713836
What is 17000726 (base 8) in base 2?
1111000000000111010110
Convert -20200201 (base 4) to base 8.
-104041
What is -10000011111100101001 (base 2) in base 13?
-15bcc8
1aa44a (base 13) to base 11
424669
What is -383e1 (base 15) in base 11?
-11306a
-